2550.
102
Calculate the greatest common divisor of 529849 and 872.
109
What is the greatest common divisor of 36 and 3492?
36
Calculate the highest common factor of 5909 and 57.
19
Calculate the highest common factor of 25726 and 1064.
38
Calculate the greatest common divisor of 23 and 306751.
23
What is the greatest common factor of 1493828 and 126?
14
What is the greatest common factor of 1751 and 47498?
17
Calculate the highest common divisor of 704 and 2151488.
64
What is the highest common factor of 15680 and 26852?
196
Calculate the highest common divisor of 264892 and 188.
188
What is the highest common divisor of 270960 and 8?
8
What is the greatest common factor of 7665 and 315?
105
Calculate the greatest common divisor of 1490944 and 728.
728
Calculate the greatest common divisor of 80 and 17180.
20
What is the greatest common factor of 2160 and 1215?
135
Calculate the greatest common divisor of 3496 and 231173.
437
Calculate the highest common factor of 446 and 402515.
223
Calculate the highest common divisor of 889856 and 512.
512
What is the highest common divisor of 96 and 117228?
12
Calculate the highest common divisor of 79045 and 20.
5
What is the highest common divisor of 41072 and 3672?
136
Calculate the highest common divisor of 64906 and 414.
46
Calculate the greatest common divisor of 96 and 22992.
48
What is the highest common divisor of 25715 and 185?
185
Calculate the highest common factor of 31750 and 13250.
250
Calculate the greatest common factor of 98 and 5474.
14
What is the greatest common divisor of 1074571 and 349?
349
What is the highest common divisor of 180 and 7060?
20
What is the highest common factor of 248676 and 318?
318
What is the greatest common factor of 61399 and 65?
13
What is the highest common factor of 51 and 601851?
51
What is the highest common divisor of 2132 and 10244?
52
Calculate the greatest common divisor of 610698 and 57.
57
Calculate the highest common factor of 3683736 and 504.
504
What is the greatest common factor of 26 and 253513?
13
What is the greatest common factor of 23146 and 35642?
142
Calculate the highest common divisor of 297 and 581922.
99
Calculate the greatest common factor of 112509 and 463.
463
What is the highest common divisor of 440 and 355?
5
Calculate the highest common factor of 300 and 2130.
30
Calculate the greatest common factor of 186 and 256308.
186
Calculate the greatest common factor of 1004573 and 317.
317
Calculate the greatest common divisor of 1959 and 15.
3
Calculate the highest common divisor of 322 and 1081.
23
Calculate the highest common factor of 2265 and 50736.
453
Calculate the greatest common divisor of 225264 and 57.
57
Calculate the greatest common factor of 40 and 7730.
10
What is the highest common factor of 11781 and 46053?
1071
Calculate the highest common divisor of 61906 and 286.
26
What is the greatest common divisor of 24 and 6852444?
12
Calculate the greatest common factor of 1401993 and 18.
9
What is the highest common factor of 2821 and 12586?
217
What is the greatest common factor of 19980 and 452?
4
What is the highest common factor of 98901 and 1485?
297
What is the greatest common divisor of 2128 and 23009?
133
What is the greatest common divisor of 40 and 111970?
10
What is the highest common divisor of 105 and 231763?
7
What is the greatest common factor of 216 and 42072?
24
Calculate the highest common factor of 1491 and 4704.
21
What is the highest common factor of 56156 and 31916?
404
What is the greatest common divisor of 69 and 17135?
23
Calculate the greatest common divisor of 9061 and 239768.
697
Calculate the highest common factor of 3265 and 600.
5
Calculate the greatest common divisor of 563 and 676163.
563
Calculate the greatest common factor of 992 and 24428.
124
What is the greatest common divisor of 81025 and 25?
25
What is the highest common divisor of 7 and 238693?
7
What is the highest common divisor of 25 and 35994775?
25
What is the highest common divisor of 94527 and 6804?
243
Calculate the greatest common factor of 716 and 265099.
179
What is the highest common divisor of 37448 and 20212?
124
Calculate the highest common divisor of 4716 and 44278.
262
What is the greatest common factor of 206 and 113712?
206
What is the highest common divisor of 1216397 and 637?
91
What is the greatest common divisor of 3498 and 54?
6
What is the highest common divisor of 2695 and 307720?
245
What is the highest common factor of 5719 and 28?
7
Calculate the greatest common divisor of 756 and 543753.
189
Calculate the greatest common factor of 103 and 130707.
103
Calculate the highest common factor of 3811473 and 9.
9
What is the greatest common divisor of 3429 and 11049?
381
Calculate the highest common divisor of 40802 and 69.
23
Calculate the highest common factor of 9993305 and 245.
245
What is the greatest common factor of 325598 and 65?
13
Calculate the greatest common divisor of 150315 and 165.
165
Calculate the highest common factor of 4010 and 300.
10
What is the greatest common factor of 22025 and 125?
25
What is the greatest common divisor of 185364 and 6384?
228
Calculate the highest common factor of 336 and 528.
48
Calculate the greatest common divisor of 11825 and 260975.
275
What is the highest common factor of 332 and 35607?
83
What is the highest common divisor of 13912 and 592?
296
What is the greatest common factor of 95985 and 27492?
237
Calculate the highest common factor of 7430 and 1030.
10
What is the greatest common divisor of 1246 and 269759?
623
Calculate the highest common divisor of 841644 and 108.
108
Calculate the greatest common factor of 22432 and 83419.
701
What is the greatest common factor of 745387 and 29?
29
Calculate the highest common divisor of 441131 and 503.
503
Calculate the highest common factor of 268 and 4154.
134
What is the highest common divisor of 2463 and 1716?
3
Calculate the highest common divisor of 392 and 23226.
98
What is the highest common divisor of 182 and 4394?
26
Calculate the highest common factor of 1856 and 71872.
64
Calculate the highest common factor of 28244 and 828.
92
What is the highest common divisor of 305840 and 80?
80
Calculate the greatest common divisor of 301 and 871997.
301
What is the highest common divisor of 49 and 2982581?
49
Calculate the greatest common factor of 588 and 2026542.
294
What is the greatest common factor of 20 and 583192?
4
What is the highest common divisor of 82500 and 600?
300
Calculate the highest common factor of 323862 and 11.
11
Calculate the greatest common divisor of 3754 and 17904703.
1877
What is the greatest common factor of 31 and 205747?
31
What is the greatest common factor of 60825 and 600?
75
Calculate the greatest common factor of 2 and 50450.
2
What is the greatest common divisor of 16 and 2248?
8
What is the highest common factor of 20391 and 231?
21
Calculate the highest common factor of 4030 and 3510.
130
What is the greatest common factor of 28 and 718592?
28
What is the greatest common factor of 115097 and 5191?
179
Calculate the highest common factor of 7 and 314573.
7
Calculate the greatest common factor of 169 and 243347.
13
What is the greatest common divisor of 100426 and 149?
149
What is the highest common factor of 21299 and 722?
361
Calculate the highest common factor of 1212 and 537522.
606
What is the highest common divisor of 32445 and 835845?
1545
Calculate the highest common divisor of 21041 and 212.
53
What is the greatest common factor of 95653 and 41?
41
What is the highest common divisor of 25014 and 858?
66
Calculate the greatest common factor of 615 and 14555.
205
What is the highest common factor of 43434 and 152?
38
Calculate the highest common divisor of 103525 and 505.
505
What is the greatest common divisor of 545324 and 156?
52
Calculate the highest common factor of 760 and 18520.
40
Calculate the highest common divisor of 4739580 and 108.
108
Calculate the greatest common factor of 216 and 9774.
54
Calculate the highest common divisor of 2502 and 849846.
834
What is the greatest common divisor of 7626 and 504246?
186
Calculate the highest common divisor of 154 and 11242.
154
Calculate the highest common divisor of 3039693 and 174.
87
What is the highest common divisor